{"id":13,"date":"2010-03-18T14:12:41","date_gmt":"2010-03-18T14:12:41","guid":{"rendered":"https:\/\/blogs.ua.es\/voltaire\/?page_id=13"},"modified":"2010-03-18T14:41:24","modified_gmt":"2010-03-18T14:41:24","slug":"sentencias","status":"publish","type":"page","link":"https:\/\/blogs.ua.es\/voltaire\/sentencias\/","title":{"rendered":"Sentencias"},"content":{"rendered":"<p>&#8220;Amistad es comuni\u00f2n de las almas&#8221;<\/p>\n<p>&#8220;Un largo debate, significa que los dos est\u00e0n equivocados&#8221;<\/p>\n<p>&#8220;Os escribo una larga carta porque no tengo tiempo para escribirla corta&#8221;<\/p>\n<p>&#8220;No hay ning\u00f9n pa\u00ecs sobre la tierra donde el amor no ha echo los hombres poetas&#8221;<\/p>\n<p>&#8220;Entre todas las religiones, la cristiana es sin duda la que deber\u00eca ispirar m\u00e0s tolerancia, a\u00f9nque hasta ahora los cristianos han sido los m\u00e0s intolerantes entre los hombres&#8221;<\/p>\n<p>&#8220;Los hombres hablan, la naturaleza hace&#8221;<\/p>\n<p>&#8220;El amor es una tela dada por la Naturaleza y embellecida por la imaginaci\u00f2n&#8221;<\/p>\n<p>&#8220;El arte de la medicina esta en divertir al enfermo mientras la naturaleza cura su enfermedad&#8221;<\/p>\n<p>&#8220;Es mejor arriesgar de guardar un culpable que condannar un inocente&#8221;<\/p>\n<p>&#8220;Cada hombre es culpable de todo el bien que no ha hecho&#8221;<\/p>\n<p>&#8220;Los hombres son iguales. No el nacimiento, sino la virtud marca la diferencia&#8221;<\/p>\n<p>&#8220;Yo combato a tu idea, que es diferente de la mia, sino soy pronto a luchar hasta mi muerte para que tu, tu idea, la puedas expresar libremente&#8221;<\/p>\n<p>&#8220;Ame la verdad sino perdone el error&#8221;<\/p>\n<p>&#8220;Cuando lo que escucha no comprende lo que habla y lo que habla no sabe que esta diciendo: esta es la filosof\u00eca&#8221;<\/p>\n<p>&#8220;Preguntad al sapo que es la beleza y os contestar\u00e0 que es la hembra del sapo&#8221;<\/p>\n","protected":false},"excerpt":{"rendered":"<p>&#8220;Amistad es comuni\u00f2n de las almas&#8221; &#8220;Un largo debate, significa que los dos est\u00e0n equivocados&#8221; &#8220;Os escribo una larga carta porque no tengo tiempo para escribirla corta&#8221; &#8220;No hay ning\u00f9n pa\u00ecs sobre la tierra donde el amor no ha echo los hombres poetas&#8221; &#8220;Entre todas las religiones, la cristiana es sin duda la que deber\u00eca [&hellip;]<\/p>\n","protected":false},"author":1678,"featured_media":0,"parent":0,"menu_order":0,"comment_status":"open","ping_status":"open","template":"","meta":{"footnotes":""},"class_list":["post-13","page","type-page","status-publish","hentry"],"_links":{"self":[{"href":"https:\/\/blogs.ua.es\/voltaire\/wp-json\/wp\/v2\/pages\/13","targetHints":{"allow":["GET"]}}],"collection":[{"href":"https:\/\/blogs.ua.es\/voltaire\/wp-json\/wp\/v2\/pages"}],"about":[{"href":"https:\/\/blogs.ua.es\/voltaire\/wp-json\/wp\/v2\/types\/page"}],"author":[{"embeddable":true,"href":"https:\/\/blogs.ua.es\/voltaire\/wp-json\/wp\/v2\/users\/1678"}],"replies":[{"embeddable":true,"href":"https:\/\/blogs.ua.es\/voltaire\/wp-json\/wp\/v2\/comments?post=13"}],"version-history":[{"count":3,"href":"https:\/\/blogs.ua.es\/voltaire\/wp-json\/wp\/v2\/pages\/13\/revisions"}],"predecessor-version":[{"id":15,"href":"https:\/\/blogs.ua.es\/voltaire\/wp-json\/wp\/v2\/pages\/13\/revisions\/15"}],"wp:attachment":[{"href":"https:\/\/blogs.ua.es\/voltaire\/wp-json\/wp\/v2\/media?parent=13"}],"curies":[{"name":"wp","href":"https:\/\/api.w.org\/{rel}","templated":true}]}}