{"id":2,"date":"2012-06-02T15:29:23","date_gmt":"2012-06-02T15:29:23","guid":{"rendered":"https:\/\/blogs.ua.es\/xahor\/?page_id=2"},"modified":"2013-05-06T21:31:32","modified_gmt":"2013-05-06T19:31:32","slug":"pagina-ejemplo","status":"publish","type":"page","link":"https:\/\/blogs.ua.es\/xahor\/pagina-ejemplo\/","title":{"rendered":"Presentaci\u00f3n"},"content":{"rendered":"<p>&nbsp;<\/p>\n<p style=\"color: inherit;font: normal normal normal 15px\/normal 'Helvetica Neue', Helvetica, Arial, sans-serif;font-style: inherit;font-weight: 300;line-height: 1.625;margin-bottom: 1.625em\">Desde esta plataforma queremos dar la bienvenida a todos y dar las gracias especialmente a los investigadores y estudiantes que os hab\u00e9is implicado en este proyecto. El Seminario de Iranolog\u00eda se ha creado con el objetivo de servir de plataforma para todos aquellos interesados en el Mundo Persa de la Universidad de Alicante y, tambi\u00e9n, como un \u00e1mbito para dar a conocer el legado cultural e hist\u00f3rico del Mundo Persa, desde Ir\u00e1n a Afganist\u00e1n, pasando por Tayikist\u00e1n y el resto de las ex-rep\u00fablicas sovi\u00e9ticas, de India o Turqu\u00eda y m\u00e1s de all\u00e1 incluso de Asia Central, de China, en definitivia de todos aquellos pueblos que han sido motor de la cultura persa o se han visto influenciados por ella. El objetivo es muy ambicioso, pero la ilusi\u00f3n puesta por todos los que estamos tras el proyecto tambi\u00e9n lo es. Pretendemos que este Blog sea un nexo de comunicaci\u00f3n entre todos los implicados, profesores, alumnos y cualquier persona interesada en el Mundo Persa. As\u00ed pues, os damos las gracias y os animamos a participar en las actividades acad\u00e9micas y de difusi\u00f3n que se programen.<\/p>\n<p style=\"color: inherit;font: normal normal normal 15px\/normal 'Helvetica Neue', Helvetica, Arial, sans-serif;font-style: inherit;font-weight: 300;line-height: 1.625;margin-bottom: 1.625em\">Jos\u00e9 Cutillas (Director del Seminario de Iranolog\u00eda)<\/p>\n<p style=\"color: inherit;font: normal normal normal 15px\/normal 'Helvetica Neue', Helvetica, Arial, sans-serif;font-style: inherit;font-weight: 300;line-height: 1.625;margin-bottom: 1.625em\">\n","protected":false},"excerpt":{"rendered":"<p>&nbsp; Desde esta plataforma queremos dar la bienvenida a todos y dar las gracias especialmente a los investigadores y estudiantes que os hab\u00e9is implicado en este proyecto. El Seminario de Iranolog\u00eda se ha creado con el objetivo de servir de &hellip; <a href=\"https:\/\/blogs.ua.es\/xahor\/pagina-ejemplo\/\">Continue reading <span class=\"meta-nav\">&rarr;<\/span><\/a><\/p>\n","protected":false},"author":2693,"featured_media":0,"parent":0,"menu_order":1,"comment_status":"open","ping_status":"open","template":"sidebar-page.php","meta":{"footnotes":""},"class_list":["post-2","page","type-page","status-publish","hentry"],"_links":{"self":[{"href":"https:\/\/blogs.ua.es\/xahor\/wp-json\/wp\/v2\/pages\/2","targetHints":{"allow":["GET"]}}],"collection":[{"href":"https:\/\/blogs.ua.es\/xahor\/wp-json\/wp\/v2\/pages"}],"about":[{"href":"https:\/\/blogs.ua.es\/xahor\/wp-json\/wp\/v2\/types\/page"}],"author":[{"embeddable":true,"href":"https:\/\/blogs.ua.es\/xahor\/wp-json\/wp\/v2\/users\/2693"}],"replies":[{"embeddable":true,"href":"https:\/\/blogs.ua.es\/xahor\/wp-json\/wp\/v2\/comments?post=2"}],"version-history":[{"count":12,"href":"https:\/\/blogs.ua.es\/xahor\/wp-json\/wp\/v2\/pages\/2\/revisions"}],"predecessor-version":[{"id":580,"href":"https:\/\/blogs.ua.es\/xahor\/wp-json\/wp\/v2\/pages\/2\/revisions\/580"}],"wp:attachment":[{"href":"https:\/\/blogs.ua.es\/xahor\/wp-json\/wp\/v2\/media?parent=2"}],"curies":[{"name":"wp","href":"https:\/\/api.w.org\/{rel}","templated":true}]}}