{"id":534,"date":"2013-04-07T09:33:35","date_gmt":"2013-04-07T08:33:35","guid":{"rendered":"https:\/\/blogs.ua.es\/xose\/?page_id=534"},"modified":"2013-04-07T09:33:35","modified_gmt":"2013-04-07T08:33:35","slug":"diario-fono-kinesico-de-blanca","status":"publish","type":"page","link":"https:\/\/blogs.ua.es\/xose\/diario-fono-kinesico-de-blanca\/","title":{"rendered":"Diario fono-kin\u00e9sico de Blanca"},"content":{"rendered":"<p>Blanca naci\u00f3 el 5 de diciembre de 2012. Ahora tiene 4 meses cumplidos. Los tres meses fueron los de las sonrisas. Empez\u00f3 a sonre\u00edr y a responder a las sonrisas. Ahora a los 4 meses he visto una evoluci\u00f3n. Intenta responder a mis petorretas de forma interactiva. Tambi\u00e9n parece tener una voluntad clara de cogerte la mano mucho m\u00e1s evidente que en meses anteriores. Por supuesto, siguen las sonrisas. Le hablamos en catal\u00e1n.<\/p>\n","protected":false},"excerpt":{"rendered":"<p>Blanca naci\u00f3 el 5 de diciembre de 2012. Ahora tiene 4 meses cumplidos. Los tres meses fueron los de las sonrisas. Empez\u00f3 a sonre\u00edr y a responder a las sonrisas. Ahora a los 4 meses he visto una evoluci\u00f3n. Intenta &hellip; <a href=\"https:\/\/blogs.ua.es\/xose\/diario-fono-kinesico-de-blanca\/\">Continue reading <span class=\"meta-nav\">&rarr;<\/span><\/a><\/p>\n","protected":false},"author":1047,"featured_media":0,"parent":0,"menu_order":0,"comment_status":"open","ping_status":"open","template":"","meta":{"footnotes":""},"class_list":["post-534","page","type-page","status-publish","hentry"],"_links":{"self":[{"href":"https:\/\/blogs.ua.es\/xose\/wp-json\/wp\/v2\/pages\/534","targetHints":{"allow":["GET"]}}],"collection":[{"href":"https:\/\/blogs.ua.es\/xose\/wp-json\/wp\/v2\/pages"}],"about":[{"href":"https:\/\/blogs.ua.es\/xose\/wp-json\/wp\/v2\/types\/page"}],"author":[{"embeddable":true,"href":"https:\/\/blogs.ua.es\/xose\/wp-json\/wp\/v2\/users\/1047"}],"replies":[{"embeddable":true,"href":"https:\/\/blogs.ua.es\/xose\/wp-json\/wp\/v2\/comments?post=534"}],"version-history":[{"count":1,"href":"https:\/\/blogs.ua.es\/xose\/wp-json\/wp\/v2\/pages\/534\/revisions"}],"predecessor-version":[{"id":535,"href":"https:\/\/blogs.ua.es\/xose\/wp-json\/wp\/v2\/pages\/534\/revisions\/535"}],"wp:attachment":[{"href":"https:\/\/blogs.ua.es\/xose\/wp-json\/wp\/v2\/media?parent=534"}],"curies":[{"name":"wp","href":"https:\/\/api.w.org\/{rel}","templated":true}]}}